en j is divided by 10.
8
Let u = -4 - -13. Let b(c) = c - 2. Calculate the remainder when b(u) is divided by 5.
2
Let s(n) = -6*n + 4. Let h = -166 - -245. Suppose -h = -3*g - 5*z, -22 - 88 = -5*g - 4*z. What is the remainder when s(-5) is divided by g?
16
Let w = 25 + -13. Suppose -2*m = -36 + w. Let u(t) = -36*t**3 - 1. What is the remainder when u(-1) is divided by m?
11
Let f(d) = 30*d**2 - 13*d**2 - 1 + 11*d**2 + 26*d**2. Calculate the remainder when f(1) is divided by 18.
17
Suppose 10 + 2 = -4*t. Let c(b) = -b**2 - 4*b + 4. Calculate the remainder when c(-4) is divided by ((-3)/(-4))/(t/(-12)).
1
Let h = 217 + -128. What is the remainder when h is divided by 30?
29
Let a = -3 - -10. Let o be (-24 - 3/(-3))*-1. Suppose -3*i - o = -r, i + 26 = 2*r - 0*i. What is the remainder when r is divided by a?
4
Let f = -86 + 96. What is the remainder when (-1 - -2)*-1 - -40 is divided by f?
9
Suppose -6*o - 72 = -0*o. Let u = -5 - o. Suppose -12 = -2*a - 4. What is the remainder when u is divided by a?
3
Let o(g) be the first derivative of -g**3/3 + 7*g**2/2 - 4*g - 3. What is the remainder when 15 is divided by o(5)?
3
Suppose -2*x - 2*x + 152 = 0. Calculate the remainder when x is divided by 10.
8
Calculate the remainder when ((-4)/(-6))/(8/864) is divided by 25.
22
Let k = -49 - -119. What is the remainder when k is divided by 25?
20
Let t(k) be the third derivative of k**6/120 + k**5/6 + 7*k**3/3 + 5*k**2. Calculate the remainder when t(-10) is divided by 5.
4
Suppose 0 = -3*c + 2*c + 4. Calculate the remainder when ((3/2)/1)/(3/14) is divided by c.
3
Suppose 6 = 4*k - 3*t - 72, -5*k + 113 = 4*t. Suppose -4*p - k = -7*p. What is the remainder when p is divided by 3?
1
Let n(z) = z**2 - 7*z + 4. What is the remainder when 19 is divided by n(8)?
7
Let h = -10 - -12. Suppose -3*c = 5*u + 2*c - 35, u - 6 = -h*c. Calculate the remainder when 23 is divided by u.
7
Let z(r) = 2*r. Let f be z(3). Calculate the remainder when 20 is divided by ((-44)/f)/(4/(-6)).
9
Let n be ((-2)/1)/(4/82). Let b = 83 + n. Suppose 0*w = 3*w - b. What is the remainder when 41 is divided by w?
13
Let v(k) = k**2 + 5*k + 5. Let x be v(-5). Suppose 0 = -c - 4*g + 22, c - 4*g + x = -13. What is the remainder when 6 is divided by c?
0
Let r be (1/(-2))/((-5)/200). Suppose -4*a + 22 = 3*p - 0*a, 0 = -5*a + r. Calculate the remainder when p/9 + 878/18 is divided by 17.
15
Calculate the remainder when 360/(-32)*16/(-6) is divided by 16.
14
Suppose 9*x = 4*x + 4*n + 403, 0 = 4*n + 8. Calculate the remainder when x is divided by 20.
19
Let d(m) = -2*m + 1. Suppose -4*v = -u - 99, -42 = -2*v - 3*u + u. Calculate the remainder when d(-3) is divided by v/10 + (-18)/(-30).
1
What is the remainder when 77 is divided by (20/7)/((-12)/(-84))?
17
Let p(f) = -f**2 - 15*f - 12. Let a be p(-11). Let x = 0 + 0. Let c = a - x. What is the remainder when c is divided by 17?
15
Suppose -25 = -i + k, 3*k - 4 = -i + 9. Let d(c) = -8*c**2 - 3*c**3 + 6*c**3 + 8*c - 1 - 4*c**3. What is the remainder when i is divided by d(-9)?
6
Let l = 3 + 11. Suppose 0*p - p + l = 0. Suppose 7*w - 265 = 2*w. Calculate the remainder when w is divided by p.
11
Suppose -x + 0*j + 14 = 4*j, x + j = 2. Calculate the remainder when 14 is divided by (-8 + x)*(-2)/4.
4
Suppose 3*j + d = -2*j + 60, 0 = 4*d - 20. What is the remainder when j is divided by 8?
3
Let d(a) = a**2 - 6*a - 4. What is the remainder when d(-5) is divided by 27?
24
Let k(g) = -g**2 + 5*g - 3. Let c be k(3). Suppose c*u - 28 = -u. Let f = 2 - -2. What is the remainder when u is divided by f?
3
Suppose -15 = 9*y - 12*y. Suppose 2 = 2*m + 5*n, 5*m - 38 - 37 = y*n. Calculate the remainder when 41 is divided by m.
8
Let t = -14 - -27. Let c = t - 1. Calculate the remainder when 23 is divided by c.
11
What is the remainder when 41 is divided by 22/77 - (-152)/7?
19
Suppose -34 - 91 = -5*g. What is the remainder when g is divided by 13?
12
Suppose -p + 3 = 0, 3*p + 2*p - 60 = -3*r. What is the remainder when 1*-5 + (-56)/(-24)*21 is divided by r?
14
Let u(b) = b - 3. Let c be u(8). Suppose -c*t = o - 26, -1 + 17 = 4*t - 4*o. Calculate the remainder when t is divided by 3.
2
Let f = -18 - -27. Calculate the remainder when 15 is divided by f.
6
Let r be (16/(-36))/(6/(-27)). What is the remainder when (-3 - (-18 - 2))*r is divided by 18?
16
Let m = -48 + 60. What is the remainder when 22 is divided by m?
10
Suppose -8*p + 9*p = 84. Let x = p + -11. What is the remainder when x is divided by 25?
23
Suppose -3*k - 2*q - q + 36 = 0, -2*k = -5*q - 10. Calculate the remainder when 58 is divided by k.
8
Let y(k) = 5*k - 12. Let c(h) = -5*h + 2. What is the remainder when y(7) is divided by c(-2)?
11
Let c(v) = -v**3 + v**2 - v - 1. Let b(u) = 6*u**3 + 2*u**2 + 9*u + 5. Let p(h) = b(h) + 5*c(h). Calculate the remainder when p(-3) is divided by 9.
6
What is the remainder when (6 - 4) + 1 + 99 is divided by 26?
24
Suppose 1 = -4*u + 5, -b + 33 = -2*u. Calculate the remainder when b is divided by 12.
11
Suppose -4*m = -2*m - 4. Suppose -m*u + u = -b - 13, 25 = u - 5*b. What is the remainder when 17 is divided by u?
7
Let f be (-918)/33 + 2/(-11). What is the remainder when 81 is divided by (-600)/f + 3/(-7)?
18
Let s = 187 - 105. What is the remainder when s is divided by 21?
19
Suppose 5*w = -4*k + 221, -k + 250 = 4*k + w. What is the remainder when k is divided by 13?
10
Suppose -j + 37 = f, 7 = -f + 2*j + 41. What is the remainder when f is divided by 13?
10
Let y = 8 + -3. Suppose -o + y = -2. What is the remainder when o is divided by (7 - -1)*1/2?
3
Suppose -5*n - 7 = f, 2*f - 5*n - 25 = -3*f. Suppose 40 = f*p - 14. Suppose 0 = -x + 6 + 4. Calculate the remainder when p is divided by x.
8
Let g be 1/3 - 3/9. Suppose g = -h + 16 - 2. Let p(m) = -m**2 + 13*m + 4. Calculate the remainder when p(9) is divided by h.
12
Let k(z) = z**3 - 5*z**2 + 4*z + 5. Let b be k(4). What is the remainder when 59/b + (-4)/(-20) is divided by 7?
5
Let h(f) = -f**2 + 6*f + 7. Calculate the remainder when 45 is divided by h(5).
9
Let o(f) = f**2 + 7*f + 6. Let m = -18 + 11. What is the remainder when 21 is divided by o(m)?
3
Suppose -4*z - 18 = -z. What is the remainder when z/4*-1*26 is divided by 10?
9
Let n = -4 + 7. What is the remainder when 27 is divided by n/(-12) - 116/(-16)?
6
Suppose 7*n - 4*n - 66 = 0. Calculate the remainder when n is divided by 8.
6
Let y(d) = 2*d - 23. Let g = -13 - -21. Calculate the remainder when y(19) is divided by g.
7
Let k(m) = m**3 - 5*m**2 - 4*m + 1. Let q(p) = p**2 + p - 1. Let j(g) = k(g) + 4*q(g). Calculate the remainder when (-611)/(-13) - (4 - 1) is divided by j(3).
14
Let i(j) = 2*j**2 - 3*j - 1. Suppose -3*m + 3*k = 1 - 13, -4*m = 5*k + 20. Let l = 7 + m. Calculate the remainder when l is divided by i(-1).
3
Let g = 281 + -192. Let o = g + -60. Let i(y) = 35*y + 255. What is the remainder when o is divided by i(-7)?
9
Let d be (-2 - (3 + -5)) + -1. Let z(j) = j**3 + 3*j**2 - j + 4. Let p be z(-3). What is the remainder when 10 is divided by (6/(-7))/(d/p)?
4
Suppose 2*d - u = -3*u + 16, 0 = -5*d - 4*u + 38. Suppose -3*q + d*q = 12. Calculate the remainder when 5 is divided by 16/10 - q/(-10).
1
Let j(z) = -z**3 + 10*z**2 + 2*z + 12. What is the remainder when j(10) is divided by 9?
5
Suppose -2*u - k = 3, 4*k - 18 = -6. What is the remainder when (1 + (-150)/9)*u is divided by 12?
11
Let m(l) = -l + 3. Let v be m(3). Suppose -5*c + 366 - 146 = v. What is the remainder when c is divided by 15?
14
Let o(c) = 8*c**3 + c. Let p(y) = -2*y + y - 17*y**3 - y. Let m(d) = -5*o(d) - 2*p(d). Calculate the remainder when 25 is divided by m(-1).
4
Let y = 11 - 7. Let u = 7 + -11. Let l = 10 + u. Calculate the remainder when l is divided by y.
2
Let q(j) = j + 2. Let h be q(4). Let v = -1 + h. Suppose 2*w = -i + 17, 0 + 15 = -v*i. What is the remainder when 18 is divided by w?
8
Suppose -4*y - 2 + 6 = 0. Suppose -3 = f - y. Let b = f - -31. Calculate the remainder when b is divided by 15.
14
Suppose -5*l = -a + 4, 2*a + 0*l = -5*l + 8. Let p be a/8 - 2/(-4). Calculate the remainder when 1 + 0 - (-55)/p is divided by 19.
18
Suppose 4*d + 16 = 0, 0*m + 27 = 3*m - 3*d. What is the remainder when 22 is divided by m?
2
Let l(m) = -m**3 + 3*m**2 + 1. Let 